0, -5*a + 11575 = 5*m. Let k = 1643 + m. Suppose -w - 4*h + 795 = 0, k = 5*w + h - 0*h. Is w a prime number?
False
Let b be (12/(-21))/(26/91)*-1129. Let d = -777 + b. Is d a prime number?
True
Let a = 124323 + -1996. Is a composite?
False
Is (-113 - -238246) + 17 + 1 a composite number?
False
Let q be 1/(-2)*-6 - -2. Let l(g) = -73*g - 8. Let u(o) = 218*o + 23. Let z(y) = 17*l(y) + 6*u(y). Is z(q) a prime number?
True
Let s be (0/(-1))/(-8 + 3). Suppose s = -n + 2*n + 5*z - 6383, -4*n - 3*z = -25566. Is n a composite number?
True
Let a(t) = 19*t**2 + 127*t + 57*t**2 - 132*t - 1. Is a(-8) prime?
True
Let p = 6481 - 6154. Suppose -4*a - f + 4*f + 652 = 0, -2*a + 5*f = -340. Let t = a + p. Is t a composite number?
False
Is (81514 - -1) + 20 + -26 composite?
False
Let q(g) be the second derivative of -g**4/12 + 13*g**3/6 + 5*g**2/2 - 3*g. Suppose -2*p = -12 - 0. Is q(p) prime?
True
Let i be ((-2)/3)/(68/(-510)). Suppose 5 = 3*y + 5. Suppose t = -i*l + 5832, y = 4*t + 10 + 2. Is l a prime number?
False
Suppose -6*i - i = -28. Suppose i*k - a = 20, -a - 5 = -k + a. Suppose -11*d = -k*d - 11334. Is d a composite number?
False
Let p = -7548110 + 10681921. Is p prime?
True
Let j = 98 - 98. Suppose 5*x + 8*x - 767 = j. Is x composite?
False
Suppose 0 = -10*m + 7*m - 3*a - 6, 4*a + 11 = -m. Let c(l) = -2*l - 2*l**2 - 1 + 5*l + 538*l**3 + 2*l**3 + l**2. Is c(m) a prime number?
True
Let h be (-1 - 10 - 2)/(31/(-496)). Suppose 0*n - t + 197 = 3*n, n + t = 63. Let w = h - n. Is w a prime number?
False
Suppose 3*w + 0*w = 5*u, 0 = -u - w + 8. Suppose j + u*i - 34925 = -4*j, -13974 = -2*j - 2*i. Is j composite?
True
Let v(n) = n**2 - 3*n - 189. Let z be v(15). Suppose -8 = 2*x, 3*x = 3*c - 0*x - 15. Is -1137*((3/z)/c - 0) a composite number?
False
Let q = 4631 - -5584. Let j = 32813 - q. Is j a prime number?
False
Suppose -3*p + 3577284 = 8*p + 1161167. Is p composite?
False
Let s = -7076 - -33259. Is s prime?
True
Is (-4)/(-10) - ((-11892045)/75 - 9 - -1) prime?
False
Let i(a) = -a**3 - 2*a**2 - a + 4. Let u(z) = 7*z + 2. Let d be u(0). Let r be i(d). Is (-11)/(66/(-60))*r/(-4) composite?
True
Let l(d) be the third derivative of 71*d**7/5040 - d**6/90 - d**5/4 + 7*d**2. Let f(a) be the third derivative of l(a). Is f(5) prime?
True
Let r = 436372 + 207855. Is r prime?
True
Suppose i - 4*j + 8405309 = 6*i, 5*j = -2*i + 3362127. Is i prime?
True
Suppose -s = -4*p - 3*s - 140, 2*s + 70 = -2*p. Let c be -2*(-3)/((-30)/p). Suppose -4*h = -c*h + 42. Is h a prime number?
False
Let l = 361 + -575. Let s(g) = 5*g - 451. Let k be s(30). Let r = l - k. Is r a prime number?
False
Let w(r) = -92*r - 129. Let i(n) = -277*n - 388. Let s(m) = -4*i(m) + 11*w(m). Is s(21) a composite number?
True
Suppose -5*l - 3*p + 22044 = -3*l, 3*l - 3*p - 33096 = 0. Suppose 41*f - 29*f = l. Is f a prime number?
True
Let n(c) = 8*c**2 - 23*c - 5. Let m be n(8). Suppose 13*d + m = 3742. Is d a prime number?
True
Let u(r) = -7*r**2 - 2*r - 2*r**3 + 2*r**2 + r + 41. Suppose -58 = 29*v + 116. Is u(v) composite?
True
Let y(h) be the first derivative of 2*h**3/3 - 19*h**2/2 + h - 21. Let i be y(26). Suppose -b = 5*m - 631, 2*b - i = 5*m + 403. Is b composite?
False
Let u(z) be the third derivative of 23*z**5/60 + 13*z**4/24 - 79*z**3/6 + 69*z**2. Is u(13) composite?
True
Suppose -154*d - 28*d = -26*d - 49110204. Is d composite?
True
Let u(m) = -7*m**3 - 13*m**2 - 65*m - 453. Is u(-8) composite?
False
Suppose -a + 267073 = -4*u, 839*u = -3*a + 836*u + 801309. Is a composite?
False
Let j be 0/(-6) + 2 + 14801. Let q = j + 6726. Is q composite?
False
Is -2 + (664948/6)/(30/45) a composite number?
True
Suppose 0 = 90*i - 257*i + 9413623. Is i prime?
True
Let k = 9 - -47. Let u = k + -58. Is (1 + 25)*(-29)/u prime?
False
Let k = -598 + 582. Is (-94716)/k + 3 + 2/8 composite?
False
Let c(j) = -241*j + 7. Let w be c(15). Let h = -1275 - w. Is h composite?
False
Let g(p) = -8*p**2 - 7*p - 24. Suppose 0 = -4*y + 3*i - 79, -3*i + i - 38 = 3*y. Let x be g(y). Let k = x - -3179. Is k a prime number?
False
Suppose 0 = -10*x + 20 - 0. Let s be (1 - (-273)/15)*5. Suppose -s = -3*c + 5*j, 7*j - 15 = x*j. Is c prime?
True
Suppose -53*c + 57*c - 72 = 0. Suppose -2*f - 48 = -4*n, -n + c = -f + 4. Suppose -4*v + 4966 = -2*w, -5*w = -2*v - n*w + 2477. Is v a prime number?
False
Let u(i) = -10 - 18 - 3122*i + 9511*i + 3361*i + 9. Is u(1) composite?
True
Let t(c) = -2*c**3 + 27*c**2 + 14*c - 454. Is t(-23) a prime number?
False
Suppose -q = 3*v - 135, 0*v + 2*v = 3*q + 79. Suppose -x + 135268 = 5*z, 2*z - v*x - 54100 = -42*x. Is z a prime number?
False
Suppose 4*v - 574416 = -2*g, v - 87801 = -4*g + 55782. Is v a prime number?
False
Let s(p) = -3*p**2 + 20*p + 15. Let i be s(7). Is 2/i - (-21772)/16 composite?
False
Let m be (0/1 - -1)*0. Let q be (52/(-30))/2 - 2/15. Is 211 + 0 - q/3*m a composite number?
False
Let n = -243 + 236. Is 1/n + 174120/14 a composite number?
False
Let s(f) = 19408*f - 703. Is s(24) composite?
False
Suppose 7*n - 129049 = 514314. Is n a composite number?
False
Let g(d) = d + 5. Let n be g(-1). Suppose -3*m = n*v - 3137, m - 975 = 3*v - 3331. Is v composite?
True
Let q be ((7 - 4) + -501)*-17. Is (q/(-9))/(6/(-9)) prime?
False
Let p(t) = -2*t**3 - 27*t**2 + 14*t + 5. Let c be p(-14). Let d(f) = 12*f - 56. Let l be d(c). Suppose -2*q + 4458 = l*q. Is q composite?
False
Let z(r) = 2*r**2 - 13*r + 51. Let i(k) = k**2 - k + 28. Let w be i(0). Is z(w) a prime number?
False
Let u = -138 + 236. Suppose -l + 2*l - u = 4*b, 3 = -3*b. Suppose 92*f = l*f - 370. Is f a composite number?
True
Suppose -3*y + 214315 = -5*k - 687473, -5*y = 2*k - 1503011. Is y prime?
False
Let d(t) = -11*t - 53. Let o be d(-5). Suppose -1035 = -5*l + q + 865, o*l - 4*q - 778 = 0. Is l composite?
False
Is 16/(128/6542696) - 14 composite?
False
Is 24819496/32 + -4 + (-150)/(-40) prime?
False
Suppose 115*c = 21*c - 28*c + 1083604. Is c a prime number?
False
Let s(w) = -8542*w**3 + 3*w**2 - 24*w - 45. Is s(-2) a prime number?
True
Suppose 17*h + 32104 - 474053 = 0. Is h composite?
False
Suppose 3*y = 2*n - 11665, -3024 = -n + 2*y + 2810. Suppose r = -4*i + n + 2815, 4*i + 43335 = 5*r. Is r composite?
False
Let d(y) = -y**3 + 1. Let h be d(-2). Suppose 2*s - 5 + h = 0. Is 2*(s + (-707)/(-2)) a composite number?
True
Suppose 35 = 4*x - 0*x + b, -5*x - 5*b + 25 = 0. Suppose -x + 7 = n. Is 649*(2 + 2 + n) prime?
False
Let i = 521813 + -321660. Is i a prime number?
True
Suppose -2*j - 15 = -177. Suppose 55 = 4*k - j. Suppose -x + k = -45. Is x a composite number?
False
Suppose 184206 = 4*d - 9192 - 5798. Is d a prime number?
False
Suppose 0 = -o + 2*c + 1, 4*o - 2*o - c - 8 = 0. Suppose 4*z - 3*w = 25, -4*z - 45*w + 46*w = -35. Suppose -z*f + 9505 = -o*f. Is f composite?
False
Suppose -20202 = 13*s - 126113. Is s composite?
False
Let z(r) = 3*r**2 + 18*r - 21. Let m be z(14). Let n = 1696 - m. Is n a prime number?
True
Let w(f) = 12212*f - 1015. Is w(1) a composite number?
False
Suppose 0 = -71*m + 81*m. Is (1 - m)*(-8166)/(-12)*2 prime?
True
Suppose -4*g = 50*h - 48*h - 26, 0 = -2*h - 10. Suppose -g*o + 39166 = -6725. Is o a prime number?
True
Suppose -287 = -4*g + 3*w, 5*w + 281 = 5*g - 84. Suppose -g = -7*u + 72. Suppose -3034 = -u*h + 18*h. Is h a composite number?
True
Let n = -327056 - -575153. Is n a composite number?
True
Let h(q) = 28*q**2 + 22*q + 331. Is h(42) a prime number?
True
Let i(n) = n + 5. Let j be i(-2). Let b(y) = 8*y**2 - 4*y + 4. Let x be b(j). Suppose 69 = x*q - 61*q. Is q a prime number?
True
Let w(u) = u**2 + u + 2. Let d be w(-3). Suppose 0 = 72*k - 76*k - d. Let z(q) = -345*q - 17. Is z(k) prime?
True
Suppose j - 1 = 530. Suppose -2*p + 1046 = -a - 3*a, j = p + 2*a. Is p prime?
False
Let i = -73 - -88. Let h(l) = 12*l + 11*l**2 + 11*l**2 - 9*l**3 - i - 11*l**2. Is h(-6) prime?
False
Suppose -28*y = 5*n - 25*y - 202283, -2*n - 4*y = -80902. Is n composite?
False
Is 60314 - (21 - (13 + -5)) composite?
True
Let r = 154055 - 68758. Is r prime?
True
Let t = 281340 - 125979. Is t composite?
True
Let t(p) = -55711*p + 138. Is t(-1) a prime number?
True
Let a = -334 + 336. Suppose a*m - 475 = 1087. Is m prime?
False
Suppose 31*q + 17*q - 9098256 = 0. Is q a composite number?
False
Let t(l) = -l**3 - 7*l**2 +